t derivative of 3*f - 7/2*f**2 + 1/4*f**4 - 30 - 4/3*f**3. What is q(5)?
-7
Let v(i) be the second derivative of 2*i + 13 + 4*i**2 - 1/6*i**3. Determine v(7).
1
Let i(r) = r - 9. Let p = 44 + -42. Suppose x - 18 = -2*t + 9, p*t + 4*x = 18. Suppose l + 0*k = -2*k + t, 4*l - 3*k = 16. Calculate i(l).
-2
Let x(r) = 13*r**2 - 55*r + 5. Let u(h) = h**3 + 100*h**2 + 105*h + 598. Let q be u(-99). Determine x(q).
-7
Let y(d) be the third derivative of -296*d**2 + 7/6*d**3 - 1/3*d**4 + 0*d - 7/60*d**5 + 0 + 1/120*d**6. Give y(8).
7
Let n(u) = 3*u**3 - 141*u - 4*u**3 - 17 + 17*u**2 + 113*u + 67*u. Give n(19).
2
Let c(b) = -6*b + 0*b - 13 + 5*b + 3. Let r be 2/(-7) + (-198)/42. Give c(r).
-5
Let p(o) = -o**3 - 5*o**2 - o + 3. Let f(k) = 2*k + 10*k - 2*k - 5*k + 6. Suppose 2 + 6 = -4*v. Let i be f(v). Determine p(i).
-9
Suppose 0 = -5*o - 2*x + 29, 2*o - 4*x + 23 = 7*o. Suppose -r - 1 = -o. Let z(a) be the first derivative of a**4/4 - 2*a**3 + a**2 - 6*a + 495. Give z(r).
6
Let h(j) = j + 1. Let n(a) = 3*a + 9. Let q(t) = -12*t - 35. Let r(v) = 9*n(v) + 2*q(v). Let p(d) = -4*h(d) + r(d). Calculate p(4).
3
Suppose 3*j + u = 99, -2*j + 25 + 27 = -4*u. Let w(n) = j*n + 54 - 57 - 27*n. Give w(4).
17
Let n(j) = j**3 + 5*j**2 - 3*j - 6. Let s = 64 + -37. Let q be (s/15)/(6/10). Suppose -6*u - 5*w + 10 = -3*u, u - q*w = -20. Determine n(u).
9
Let b(y) = -44*y + 178. Let m(z) = 216*z - 904. Let t(l) = 11*b(l) + 2*m(l). Determine t(3).
-6
Let p be 15 + 10/(-5) - 6. Let f(h) = 78*h - 219*h - 5*h**2 + 75*h + p + 71*h - h**3. Determine f(-6).
13
Let s(d) = 2*d - 1. Let m = 87 + -73. Let u(h) = -h**2 + 8*h + 86. Let w be u(m). Give s(w).
3
Let y(d) = 8*d + 14. Let u(w) = w + 2. Let h be (2*(-6)/(-36))/(2/6). Let v(f) = h*y(f) - 4*u(f). Calculate v(-5).
-14
Let i(j) be the second derivative of -9/2*j**2 + 0 - 3*j + 11/6*j**3 + 1/20*j**5 - 5/6*j**4. Suppose -77*n + 614 + 79 = 0. What is i(n)?
9
Let c(k) = -3*k**3 - 23*k**2 + 10*k + 31. Let x be 46/299*52 - (16 - 0). Calculate c(x).
15
Let u = 20 - 13. Let c(p) = -3108*p**2 - 3103*p**2 - 9 + 7*p + 9337*p**2 - 3*p - 3127*p**2. Calculate c(u).
-30
Let a(z) be the first derivative of -55*z**2/2 + 261*z + 10283. Calculate a(5).
-14
Let w(z) be the second derivative of 1/3*z**3 - 52*z + 3/2*z**2 + 0. Suppose 0 = 4*y - 4*c - 20, 0 = 2*y - y + 2*c + 1. What is w(y)?
9
Let x(u) = -u**2 + 17. Suppose -39 = -5*s + 5*w - 49, 0 = 3*s - w + 12. What is x(s)?
-8
Let v(l) = -l**3 - 17*l**2 - 102*l - 405. Let h be v(-11). Let a(u) = u**2 - 9*u - 10. Calculate a(h).
152
Suppose -4*z + 5*t = 21, 2*z + 0 + 6 = 4*t. Let h = z + 6. Let r(w) = -4*w**2 - w - 4 + 3*w**3 - 4*w**3 - 4*w. Give r(h).
2
Let a(f) = -f - 17. Suppose 219 = 39*k + 336. What is a(k)?
-14
Let w = 27 - 26. Let b be 5 - ((-6)/(-21))/(w/7). Let y(x) = x + 4. Calculate y(b).
7
Let q(o) = -o**2 + 8*o + 30. Let j be (8/(-5))/((-8)/(-80) - 6/20). Calculate q(j).
30
Suppose -3*b + 3 = 15. Let l(p) = 6*p**2 + 2*p + 39. Let v(u) = -25*u**2 - 8*u - 166. Let i(z) = 17*l(z) + 4*v(z). What is i(b)?
23
Let t = 509 - 493. Suppose -2*q - t = n, 2*q + 3*n - 7 = -19. Let o(k) = -3*k - 13. What is o(q)?
14
Let x(q) be the first derivative of 4*q**3/3 + 137*q**2/2 + 34*q - 2327. What is x(-34)?
0
Let r(p) be the second derivative of -p**7/2520 + p**6/360 - p**5/120 - 7*p**4/2 + 5*p - 10. Let y(j) be the third derivative of r(j). Determine y(3).
-4
Let u(y) be the third derivative of -y**9/60480 - y**8/3360 - y**7/1680 - y**6/240 + y**5/15 - 45*y**2. Let z(r) be the third derivative of u(r). Give z(-3).
-21
Let a(r) = -2*r**2 - 4*r. Suppose 0 = -2*w + 4*c + 56, 3*w = -5*c + 28 + 1. Let u be (-202)/(-8) - -2*w/48. Suppose -u = -4*l - 42. Calculate a(l).
-16
Let c(o) = 2 + 11*o**2 - 175*o - 146*o - o**3 + 300*o. Calculate c(7).
51
Let k(q) = q. Let p = 15 - 7. Let d(s) = 2*s - 1. Let l(h) = p*k(h) - 3*d(h). Suppose -502 = 39*a - 385. Give l(a).
-3
Suppose -4*t + 6 = -3*d, -3*t + 0 = -2*d - 5. Let w(g) = -471 + 2*g - g - g**3 + 478 - t*g**2. Give w(-3).
4
Let l(u) = -5*u**3 - 58*u**2 - 11*u - 31. Let c(k) = -k**3 - 12*k**2 - 2*k - 6. Let m(t) = 19*c(t) - 4*l(t). Determine m(-4).
-14
Let c(g) = -g**3 + 41*g**2 + 47*g - 214. Let n be c(42). Let d(q) = q**2 + 3*q - 16. What is d(n)?
-12
Let k(u) = -4*u**2 + 43*u - 41. Let n be ((-5)/(-2))/(293/1172). Determine k(n).
-11
Let v(k) = k**3 + 7*k**2 - k + 2. Let s be v(-7). Let o(l) = 16*l + 1002. Let g be o(-62). Suppose s = r + g. Let f(i) = 8*i**3 + 2*i + 1. What is f(r)?
-9
Let r(k) = 13*k**2 - 1. Let f = 1 - 1. Let l = 1115 - 1109. Suppose -l = 6*v - f*v. Give r(v).
12
Let x = 11866 - 11858. Let h(v) = v**3 - 9*v**2 + 7*v + 8. Calculate h(x).
0
Suppose o = 3*h - 40 + 30, -3*o + 15 = 0. Let u(l) = 8*l**3 - 6*l**2 - 5*l. Let m(j) = -7*j**3 + 6*j**2 + 4*j + 1. Let w(f) = -7*m(f) - 6*u(f). Calculate w(h).
-22
Let a(d) = d**2 + 2*d + 8. Let x(w) = -2*w**3 - 10*w**2 + 4*w + 17. Let k be x(-5). Calculate a(k).
11
Let m(q) = 13*q - 13. Let a be m(1). Suppose o - 7 - 20 = -5*i, a = 5*i - o - 33. Let r(n) = -4*n**2 - 1 - 5 + 3*n**2 + 12*n - 4*n. Give r(i).
6
Let s(r) = -42 + 185*r - 14 - 11 - 13 - 170*r. What is s(5)?
-5
Let b(d) = d**2 + 13*d. Let n(j) = -7*j**2 - 73*j - 10. Let u(p) = 6*b(p) + n(p). What is u(-5)?
-60
Let n(f) = 5*f + 1. Suppose -8*l = -12*l - 16. Let i(x) = -x**2 - 14*x - 33. Let b be i(l). What is n(b)?
36
Let z be 3 + 2/(-1 - 1). Let s(b) = -110 + 101 + b**3 - 10*b**2 + 8*b + 20*b**z. Suppose 38 = -4*k - i + 5, 3*i = 9. Give s(k).
0
Let j(u) = 7*u**3 + 4*u**2 + 5*u + 2. Let q be 1*-4*20/32*(-8)/(-10). What is j(q)?
-48
Let h(n) = 6*n**2 - 13*n - 277. Let c be h(8). Let l(t) be the third derivative of t**6/120 - t**5/20 - t**4/24 - t**2. Determine l(c).
-3
Let g(p) = 2*p**2 - 17*p + 49. Let f be g(5). Let s be (f/(-4))/((-12)/48). Let y(v) = 2*v - v**2 - s + 2*v + 10. What is y(3)?
-1
Let t(y) = -2*y + 10. Let x = 116 - 116. Suppose -4*a + 3*w + 6 + 7 = x, -3*w + 8 = -a. Calculate t(a).
-4
Let b(n) be the first derivative of -n**5/30 - n**4/24 + 143*n**3/3 - 40. Let v(d) be the third derivative of b(d). Give v(1).
-5
Let v be 19 + -35 + 3 + -2 + 6. Let p(f) = f**2 + 16*f + 57. Give p(v).
-6
Suppose l + 4 = 2*l - z, 3*z = -5*l - 4. Let g(h) = -30*h**2 + l - h + 14*h**2 + 18*h**2. Let p be -3 + 0 - (-6 - -2). Calculate g(p).
2
Let n(f) = 49*f + 129. Let c(y) = 146*y + 366. Let a(w) = -6*c(w) + 17*n(w). Determine a(-2).
83
Let m = 116 + -112. Let h(j) = j**3 - m - 3*j**3 + j**3 + 5*j - 18*j + 14*j**2. Calculate h(13).
-4
Let h(b) be the first derivative of -b**3/3 - 2*b**2 - 5*b - 320. Determine h(-2).
-1
Let k(a) = -4*a + 43. Let r be k(9). Let w be (r + -6)*0 - 6/(-2). Suppose 0 = w*o - 0*o + 9, 0 = -5*v + 2*o + 6. Let f(s) = -s**2 - s - 9. What is f(v)?
-9
Let q = -229 + 231. Let r(b) = -1596*b + 4*b**q + 1594*b - 5 + b**3 + 11. Suppose 0 = -p + 3*p + 10. Give r(p).
-9
Let k(r) = r**2 + 6*r + 7. Suppose 4*t = -2*l + 116, -3*l = 3*t - 65 - 28. Let f = -29 + t. Determine k(f).
-1
Let i(u) = -u - 1. Suppose 241 = -5*f - 4*y - 60, 3*y = -4*f - 241. Let q = f + 63. Suppose -4*s - 16 = -5*h, -3*s = q*s - 5*h + 15. Calculate i(s).
-2
Suppose 4*p - 31 = 5*b, -37*p + 39*p + 3*b + 1 = 0. Let s(r) be the first derivative of 1/2*r**p - 19 - 1/3*r**3 + 0*r + 0*r**2. Determine s(-1).
-3
Let d = 211 + -211. Let l(h) = d*h**2 - h**2 + 3 + 6 + 2*h - 10. Calculate l(-2).
-9
Let d(m) = -136*m + 675. Let i be d(5). Let f(c) = -c**2 - 9*c - 17. Determine f(i).
3
Let y(p) = -p**2 + 26*p - 84. Let z be y(21). Let o(k) = -65*k**2 + 30*k**2 + z*k**2 + 12*k + k**3 + 23*k**2 - 9. Determine o(-7).
5
Let l(y) = -2*y**2 - 6*y - 4. Let i(n) = 4*n**3 - n**3 + 6*n**2 - 5*n**3 + 3*n**3 + 10*n. Let f be i(-3). Give l(f).
-4
Let m = 11450 + -11451. Let f(u) = -5*u**3 - u**2 - 11*u - 9. Give f(m).
6
Let r = -9 + 13. Let d(y) = -24*y + 108. Let g be d(4). Suppose r*b - g = b. Let c(t) = t**3 - 3*t**2 - 4*t - 2. What is c(b)?
-2
Suppose 0 = 19*o - 3 - 35. Let n(j) = -2*j**2 + 25*j - 54. Calculate n(o).
-12
Let n(g) = 5 - 19*g**2 + 19*g**2 - 7*g**2 + 5 + 3*g**3 + 57*g - 64*g. Calculate n(3).
7
Let v = -398 - -440. Let z be 4/7 - (-396)/v. Let j(d) = -d**3 + 9*d**2 + 9*d + 12. What is j(z)?
2
Let q be 595/(-70)*12/(-34). Let b(g) = -g**2 - 4. Determine b(q).
-13
Let k(b) = 